 when 292021 is divided by 13273?
15
Calculate the remainder when 569995 is divided by 6477.
19
Calculate the remainder when 126618 is divided by 758.
32
What is the remainder when 5698 is divided by 3049?
2649
Calculate the remainder when 74913002 is divided by 319.
318
Calculate the remainder when 8370 is divided by 70.
40
What is the remainder when 4095094 is divided by 4095072?
22
What is the remainder when 4849389 is divided by 1173?
207
What is the remainder when 10419194 is divided by 271?
57
Calculate the remainder when 6757458 is divided by 37.
0
Calculate the remainder when 152799 is divided by 3052.
199
Calculate the remainder when 1042670995 is divided by 68.
67
Calculate the remainder when 396656 is divided by 67.
16
What is the remainder when 2871123 is divided by 478485?
213
What is the remainder when 217587 is divided by 21734?
247
What is the remainder when 37296681 is divided by 25793?
3
Calculate the remainder when 44502 is divided by 14796.
114
What is the remainder when 295922 is divided by 98486?
464
Calculate the remainder when 133308888 is divided by 1082.
1078
What is the remainder when 39038 is divided by 2346?
1502
Calculate the remainder when 3712 is divided by 2160.
1552
Calculate the remainder when 181311 is divided by 19691.
4092
What is the remainder when 7570150 is divided by 145?
135
Calculate the remainder when 1974028 is divided by 1020.
328
Calculate the remainder when 13547 is divided by 13547.
0
What is the remainder when 1266498 is divided by 13?
12
Calculate the remainder when 1041491 is divided by 8200.
91
What is the remainder when 9424547 is divided by 7156?
95
Calculate the remainder when 4619815 is divided by 88.
79
What is the remainder when 757898 is divided by 713?
692
Calculate the remainder when 476153847 is divided by 19.
15
What is the remainder when 7557042 is divided by 2518991?
69
Calculate the remainder when 8734267 is divided by 1746834.
97
What is the remainder when 10136 is divided by 9014?
1122
What is the remainder when 1591237 is divided by 795368?
501
What is the remainder when 492396455 is divided by 246198223?
9
Calculate the remainder when 42391256 is divided by 11.
6
What is the remainder when 1562847 is divided by 21706?
15
Calculate the remainder when 16934085 is divided by 258.
255
Calculate the remainder when 230001 is divided by 28750.
1
Calculate the remainder when 279378 is divided by 7334.
686
Calculate the remainder when 14740 is divided by 3650.
140
Calculate the remainder when 4421497 is divided by 56.
17
Calculate the remainder when 19208625 is divided by 770.
205
Calculate the remainder when 434678 is divided by 31035.
188
Calculate the remainder when 239770 is divided by 699.
13
What is the remainder when 110942650 is divided by 5342?
5336
What is the remainder when 432598 is divided by 108148?
6
What is the remainder when 9800 is divided by 1699?
1305
Calculate the remainder when 475450 is divided by 2067.
40
Calculate the remainder when 226667 is divided by 225675.
992
What is the remainder when 86868646 is divided by 25?
21
What is the remainder when 320888 is divided by 199?
100
What is the remainder when 59903 is divided by 163?
82
What is the remainder when 2077116 is divided by 1658?
1300
What is the remainder when 7670163 is divided by 43?
38
Calculate the remainder when 934930 is divided by 37.
14
What is the remainder when 18752895 is divided by 604931?
34
What is the remainder when 1816333 is divided by 669?
667
What is the remainder when 278938 is divided by 3848?
1882
What is the remainder when 50212896 is divided by 772506?
6
What is the remainder when 587687687 is divided by 476?
475
What is the remainder when 34705 is divided by 1471?
872
Calculate the remainder when 173982 is divided by 2545.
922
What is the remainder when 1740975 is divided by 870481?
13
What is the remainder when 2816790 is divided by 1184?
54
Calculate the remainder when 2130329 is divided by 5407.
5378
Calculate the remainder when 13074554 is divided by 790.
54
What is the remainder when 136607327 is divided by 264?
263
What is the remainder when 884200 is divided by 866?
14
Calculate the remainder when 118060 is divided by 4915.
100
Calculate the remainder when 120056446 is divided by 68.
66
Calculate the remainder when 616993 is divided by 12089.
454
Calculate the remainder when 1497973 is divided by 53.
34
Calculate the remainder when 561995 is divided by 98.
63
Calculate the remainder when 194355 is divided by 32332.
363
Calculate the remainder when 1368797 is divided by 8295.
122
What is the remainder when 2533816 is divided by 180967?
278
What is the remainder when 2182488 is divided by 25?
13
What is the remainder when 104728 is divided by 66?
52
Calculate the remainder when 37558 is divided by 17763.
2032
What is the remainder when 437666 is divided by 44?
42
Calculate the remainder when 3919561350 is divided by 28.
26
What is the remainder when 18756 is divided by 1719?
1566
What is the remainder when 43840 is divided by 375?
340
Calculate the remainder when 218793968 is divided by 36465660.
8
What is the remainder when 667005 is divided by 5031?
2913
Calculate the remainder when 6316851 is divided by 51.
42
Calculate the remainder when 406371 is divided by 6.
3
Calculate the remainder when 157715 is divided by 26281.
29
Calculate the remainder when 42505137 is divided by 3164.
3125
What is the remainder when 169888 is divided by 2154?
1876
What is the remainder when 171208 is divided by 42500?
1208
Calculate the remainder when 939818 is divided by 1383.
761
What is the remainder when 25587349 is divided by 399802?
21
What is the remainder when 3713856 is divided by 50?
6
What is the remainder when 125447 is divided by 3582?
77
What is the remainder when 41583956 is divided by 120?
116
What is the remainder when 380991847 is divided by 145?
142
Calculate the remainder when 3463272 is divided by 216450.
72
Calculate the remainder when 57691 is divided by 1066.
127
Calculate the remainder when 99000976 is divided by 6407.
12
What is the remainder when 26830205 is divided by 169?
103
Calculate the remainder when 6368975 is divided by 10.
5
Calculate the remainder when 12719 is divided by 1814.
21
What is the remainder when 465172 is divided by 102?
52
Calculate the remainder when 3422670 is divided by 2311.
79
Calculate the remainder when 131508 is divided by 475.
408
What is the remainder when 9636757 is divided by 64676?
33
What is the remainder when 3556660 is divided by 17?
5
What is the remainder when 85940 is divided by 1056?
404
What is the remainder when 687926 is divided by 1960?
1926
What is the remainder when 970964 is divided by 485479?
6
What is the remainder when 53699574 is divided by 733?
727
What is the remainder when 1350221 is divided by 337552?
13
Calculate the remainder when 646462 is divided by 728.
726
Calculate the remainder when 36962209 is divided by 643.
640
Calculate the remainder when 34611 is divided by 33604.
1007
What is the remainder when 22193934 is divided by 61479?
15
Calculate the remainder when 327838 is divided by 2459.
791
Calculate the remainder when 7554619 is divided by 36.
19
What is the remainder when 3170042 is divided by 26864?
90
Calculate the remainder when 150165545 is divided by 83751.
2
What is the remainder when 1137991 is divided by 1137706?
285
What is the remainder when 7619059 is divided by 115?
79
Calculate the remainder when 7643554 is divided by 59.
45
What is the remainder when 14553629 is divided by 992?
989
What is the remainder when 958791 is divided by 269?
75
What is the remainder when 16768924 is divided by 13383?
25
Calculate the remainder when 8622810 is divided by 8622801.
9
What is the remainder when 196994 is divided by 1576?
1570
Calculate the remainder when 368113 is divided by 122.
39
Calculate the remainder when 38247247 is divided by 208.
207
What is the remainder when 188774616 is divided by 195?
186
Calculate the remainder when 15902308 is divided by 170.
168
Calculate the remainder when 87929 is divided by 11929.
4426
Calculate the remainder when 3582801 is divided by 5300.
1
Calculate the remainder when 1711216 is divided by 1019.
315
What is the remainder when 139558 is divided by 348